 70557129?
False
Does 14 divide 477935434?
False
Is 786 a factor of 523949400?
False
Is 134647786 a multiple of 26?
True
Is 225937858 a multiple of 62?
True
Is 10 a factor of 2431310?
True
Is 43 a factor of 1053328?
True
Is 282 a factor of 4575728616?
True
Is 101582694 a multiple of 178?
False
Is 270 a factor of 131051421?
False
Is 1667442114 a multiple of 234?
True
Does 16 divide 180059909?
False
Is 3059 a factor of 53462261?
False
Is 12 a factor of 243632940?
True
Does 2521 divide 45451041?
False
Does 53 divide 45678743?
False
Is 317256024 a multiple of 14?
False
Is 226714215 a multiple of 13?
True
Is 105 a factor of 10672830?
True
Is 19 a factor of 6821342?
True
Does 180 divide 207385740?
True
Does 1595 divide 325638390?
True
Does 3552 divide 1301143073?
False
Is 47 a factor of 22051332?
False
Is 29 a factor of 950677594?
True
Does 8006 divide 4681516506?
True
Does 502 divide 55348512?
True
Is 13 a factor of 151088111?
False
Does 86 divide 344000172?
True
Is 76973663 a multiple of 265?
False
Is 2637 a factor of 36894267?
True
Does 352 divide 6162377?
False
Is 579669272 a multiple of 26?
True
Is 4792 a factor of 137445939?
False
Is 19396916 a multiple of 43?
False
Is 122834943 a multiple of 183?
False
Is 72647298 a multiple of 38?
True
Is 1414667670 a multiple of 345?
True
Is 507138094 a multiple of 5449?
False
Is 17 a factor of 3044625852?
False
Is 70 a factor of 58292805?
False
Does 5 divide 59971265?
True
Is 461181777 a multiple of 7?
True
Is 5 a factor of 39377329?
False
Does 9 divide 12306977?
False
Is 774269150 a multiple of 4853?
False
Is 4 a factor of 599606543?
False
Does 81 divide 25647248?
False
Is 251 a factor of 1190772061?
False
Is 9 a factor of 1625417?
False
Is 1159 a factor of 719683368?
True
Is 79461601 a multiple of 21?
False
Is 1101 a factor of 24215013?
False
Is 848660952 a multiple of 5?
False
Is 855643361 a multiple of 9828?
False
Does 136 divide 37400245?
False
Is 912 a factor of 96769154?
False
Is 26802032 a multiple of 8?
True
Is 64327089 a multiple of 73?
True
Does 16 divide 65102032?
True
Is 19314865 a multiple of 4?
False
Is 726 a factor of 129577066?
False
Is 81 a factor of 2263501291?
False
Does 158 divide 132920028?
True
Does 338 divide 75434164?
True
Is 5 a factor of 1237891096?
False
Is 1172240178 a multiple of 10553?
False
Is 9694400 a multiple of 64?
True
Does 242 divide 257797518?
True
Is 7 a factor of 28055875?
False
Is 17 a factor of 655014691?
False
Does 23 divide 23012397?
True
Does 3 divide 37950591?
True
Is 4 a factor of 1608644?
True
Is 26307483 a multiple of 10?
False
Is 26948391 a multiple of 1272?
False
Is 521580371 a multiple of 1403?
False
Is 27 a factor of 1321103439?
True
Is 23589180 a multiple of 431?
False
Is 710938833 a multiple of 2272?
False
Is 634 a factor of 701035990?
True
Is 429 a factor of 13865815?
False
Is 9 a factor of 112536045?
True
Does 21 divide 13066557?
True
Is 112133391 a multiple of 24?
False
Is 23938157 a multiple of 57?
False
Is 2445 a factor of 801960?
True
Is 97720537 a multiple of 980?
False
Does 2991 divide 2292671092?
False
Is 19 a factor of 20237851?
False
Is 42 a factor of 3524010?
True
Does 50 divide 10762352?
False
Is 372202327 a multiple of 7?
True
Is 121517901 a multiple of 23?
True
Is 15 a factor of 47657540?
False
Is 656 a factor of 8092668?
False
Does 55 divide 131143568?
False
Does 17 divide 259183751?
True
Does 12 divide 10151969?
False
Is 259098700 a multiple of 24?
False
Is 36 a factor of 1074983292?
True
Is 104320888 a multiple of 29?
True
Is 1175 a factor of 390136425?
True
Is 4805 a factor of 358722080?
True
Is 3 a factor of 14021613?
True
Does 152 divide 1436756592?
True
Does 20 divide 279924020?
True
Does 232 divide 202063880?
True
Is 5832 a factor of 107814877?
False
Is 5778366 a multiple of 174?
True
Does 12 divide 1281634?
False
Is 7172 a factor of 933493176?
True
Is 13 a factor of 8851180?
True
Is 258 a factor of 87697056?
False
Does 987 divide 55268483?
False
Is 2139 a factor of 56925207?
True
Is 952 a factor of 571821972?
False
Is 4168 a factor of 806901995?
False
Does 741 divide 748671573?
True
Is 14427144 a multiple of 6?
True
Does 105 divide 91564381?
False
Is 260402836 a multiple of 5?
False
Does 1458 divide 40802130?
True
Is 28 a factor of 1151053268?
False
Is 182392500 a multiple of 500?
True
Is 5730010 a multiple of 22?
True
Is 447295256 a multiple of 1100?
False
Is 991 a factor of 171188914?
False
Is 702376875 a multiple of 2225?
True
Does 69 divide 229798290?
True
Is 8 a factor of 252334350?
False
Is 1124409915 a multiple of 15?
True
Does 75 divide 771375?
True
Is 150 a factor of 2394888300?
True
Is 811882670 a multiple of 33?
False
Is 778235600 a multiple of 16?
True
Is 10844371 a multiple of 653?
True
Does 92 divide 12739240?
True
Is 5 a factor of 9801082?
False
Is 87248070 a multiple of 1638?
True
Is 67474955 a multiple of 787?
False
Does 7 divide 9262560?
False
Does 449 divide 49831518?
False
Does 1013 divide 2586331185?
False
Does 2624 divide 731458368?
True
Does 1261 divide 122607030?
True
Is 67899552 a multiple of 28?
True
Is 86 a factor of 448726156?
True
Is 338598284 a multiple of 2799?
False
Is 105294165 a multiple of 22?
False
Is 290 a factor of 40953220?
True
Is 1417451244 a multiple of 3674?
True
Is 722629508 a multiple of 19?
True
Is 9724 a factor of 908406356?
True
Is 3863845206 a multiple of 513?
True
Is 15 a factor of 247192605?
True
Does 50 divide 20548324?
False
Does 224 divide 2368128?
True
Is 35827206 a multiple of 751?
True
Is 5295145 a multiple of 18?
False
Is 46 a factor of 14700864?
True
Is 71 a factor of 578291450?
True
Is 4727481186 a multiple of 68?
False
Is 4480 a factor of 430838085?
False
Does 19 divide 34514431?
True
Does 97 divide 2675536?
False
Is 419363110 a multiple of 12?
False
Is 1726572 a multiple of 132?
False
Does 14 divide 275643123?
False
Is 18153479 a multiple of 282?
False
Is 277 a factor of 103864751?
True
Is 605154 a multiple of 15?
False
Is 1534 a factor of 511312241?
False
Is 34 a factor of 137326102?
True
Is 52 a factor of 13289484?
True
Does 27 divide 3911848093?
False
Is 423737727 a multiple of 2627?
True
Is 576 a factor of 33252349?
False
Is 35684007 a multiple of 9?
False
Is 500 a factor of 4621295898?
False
Is 38242600 a multiple of 20?
True
Does 337 divide 559420?
True
Is 23 a factor of 800009?
True
Does 7 divide 1256859702?
True
Is 133 a factor of 225277262?
True
Is 95 a factor of 100636445?
True
Is 19446282 a multiple of 59?
True
Is 18705596 a multiple of 28?
True
Is 63 a factor of 4074263?
False
Does 99 divide 59943015?
True
Is 29 a factor of 25565876?
False
Does 1517 divide 1434072?
False
Is 285360732 a multiple of 29?
False
Does 23 divide 8133651?
True
Is 843549840 a multiple of 2681?
True
Is 23 a factor of 479878624?
True
Is 9 a factor of 2001806325?
True
Is 102 a factor of 38794272?
True
Does 2894 divide 376207523?
False
Is 2204 a factor of 4710007508?
True
Does 2548 divide 183256836?
False
Does 295 divide 90473221?
False
Is 9013 a factor of 2130267615?
True
Is 217016618 a multiple of 871?
True
Is 19029769 a multiple of 3113?
True
Is 5392577190 a multiple of 770?
True
Does 45 divide 1565253765?
True
Is 428938841 a multiple of 21?
False
Does 778 divide 10408862?
True
Does 7 divide 101136084?
True
Does 3686 divide 63963158?
True
Is 62408828 a multiple of 31?
True
Is 24746978 a multiple of 838?
True
Does 492 divide 101813237?
False
Does 17 divide 639940769?
False
Does 156 divide 241403046?
False
Does 936 divide 950282112?
False
Is 245088 a multiple of 18?
True
Does 21 divide 1130428430?
False
Is 52 a factor of 1101631336?
True
Is 26 a factor of 66192186?
False
Is 67 a factor of 8548999?
True
Does 16 divide 685909136?
True
Does 389 divide 317167260?
True
Does 517 divide 69417073?
True
Does 87 divide 131462481?
True
Is 154407758 a multiple of 2689?
True
Is 34 a factor of 10230087?
False
Is 44 a factor of 46437556?
True
Is 86 a factor of 488093430?
True
Does 23 divide 387674?
False
Does 83 divide 6459973?
True
Does 2916 divide 88985150?
False
Does 60 divide 1856534?
False
Is 38532340 a multiple of 10?
True
Is 8 a factor of 289360639?
False
Does 6 divide 25984302?
True
Is 50 a factor of 285690200?
True
Is 768 a factor of 59870976?
True
Is 190017471 a multiple of 2037?
Tru